{"id":50,"date":"2024-03-19T09:12:01","date_gmt":"2024-03-19T08:12:01","guid":{"rendered":"https:\/\/animation-denens.ch\/?page_id=50"},"modified":"2024-04-23T08:30:43","modified_gmt":"2024-04-23T06:30:43","slug":"le-comite","status":"publish","type":"page","link":"https:\/\/animation-denens.ch\/?page_id=50","title":{"rendered":"Le Comit\u00e9"},"content":{"rendered":"\n<div class=\"wp-block-uagb-image uagb-block-56ed71c0 wp-block-uagb-image--layout-default wp-block-uagb-image--effect-static wp-block-uagb-image--align-none\"><figure class=\"wp-block-uagb-image__figure\"><img decoding=\"async\"  sizes=\"(max-width: 480px) 150px\" src=\"https:\/\/animation-denens.ch\/wp-content\/uploads\/2024\/04\/SaD-Logo-3.jpg\" alt=\"\" width=\"150\" height=\"159\" title=\"\" loading=\"lazy\" role=\"img\"\/><\/figure><\/div>\n\n\n\n<p class=\"has-ast-global-color-8-color has-ast-global-color-4-background-color has-text-color has-background has-link-color has-medium-font-size wp-elements-497f13f78b72f85a1f278c535887d365\" style=\"margin-top:var(--wp--preset--spacing--30);margin-right:0;margin-bottom:var(--wp--preset--spacing--30);margin-left:0;padding-top:var(--wp--preset--spacing--20);padding-right:var(--wp--preset--spacing--20);padding-bottom:var(--wp--preset--spacing--20);padding-left:var(--wp--preset--spacing--20)\"><strong>Le comit\u00e9 pour cette ann\u00e9e :<\/strong><\/p>\n\n\n\n<div class=\"wp-block-uagb-container uagb-block-ea8309e8 default uagb-is-root-container\">\n<div class=\"wp-block-uagb-container uagb-block-bb79165d\">\n<div class=\"wp-block-uagb-image uagb-block-afdc2527 wp-block-uagb-image--layout-default wp-block-uagb-image--effect-static wp-block-uagb-image--align-none\"><figure class=\"wp-block-uagb-image__figure\"><img decoding=\"async\" srcset=\"https:\/\/animation-denens.ch\/wp-content\/uploads\/2024\/04\/Philippe1-edited-225x300.jpg ,https:\/\/animation-denens.ch\/wp-content\/uploads\/2024\/04\/Philippe1.jpg 780w, https:\/\/animation-denens.ch\/wp-content\/uploads\/2024\/04\/Philippe1.jpg 360w\" sizes=\"(max-width: 480px) 150px\" src=\"https:\/\/animation-denens.ch\/wp-content\/uploads\/2024\/04\/Philippe1-edited-225x300.jpg\" alt=\"\" class=\"uag-image-217\" width=\"225\" height=\"300\" title=\"Philippe1\" loading=\"lazy\" role=\"img\"\/><\/figure><\/div>\n\n\n\n<p class=\"has-ast-global-color-8-color has-ast-global-color-4-background-color has-text-color has-background has-link-color wp-elements-82aa114e0cfcfbe5e4be14a227a07526\" style=\"margin-top:0;margin-right:0;margin-bottom:0;margin-left:0;padding-top:0;padding-right:0;padding-bottom:0;padding-left:0\">Philippe Villevet<\/p>\n\n\n\n<p class=\"has-ast-global-color-8-color has-ast-global-color-4-background-color has-text-color has-background has-link-color wp-elements-05f145690655c09406d8b02a9828a9c4\" style=\"margin-top:0;margin-right:0;margin-bottom:0;margin-left:0;padding-top:0;padding-right:0;padding-bottom:0;padding-left:0\"><em>Pr\u00e9sident<\/em><\/p>\n<\/div>\n\n\n\n<div class=\"wp-block-uagb-container uagb-block-98cbe939\">\n<div class=\"wp-block-uagb-image uagb-block-0c392a2d wp-block-uagb-image--layout-default wp-block-uagb-image--effect-static wp-block-uagb-image--align-none\"><figure class=\"wp-block-uagb-image__figure\"><img decoding=\"async\" srcset=\"https:\/\/animation-denens.ch\/wp-content\/uploads\/2024\/04\/Michel3-225x300.jpg ,https:\/\/animation-denens.ch\/wp-content\/uploads\/2024\/04\/Michel3-scaled.jpg 780w, https:\/\/animation-denens.ch\/wp-content\/uploads\/2024\/04\/Michel3-scaled.jpg 360w\" sizes=\"(max-width: 480px) 150px\" src=\"https:\/\/animation-denens.ch\/wp-content\/uploads\/2024\/04\/Michel3-225x300.jpg\" alt=\"\" class=\"uag-image-166\" width=\"225\" height=\"300\" title=\"Michel3\" loading=\"lazy\" role=\"img\"\/><\/figure><\/div>\n\n\n\n<p class=\"has-ast-global-color-8-color has-ast-global-color-4-background-color has-text-color has-background has-link-color wp-elements-bc3fa52782e2212ab4a142034389c2f6\" style=\"margin-top:0;margin-right:0;margin-bottom:0;margin-left:0;padding-top:0;padding-right:0;padding-bottom:0;padding-left:0\">Michel Hofer<\/p>\n\n\n\n<p class=\"has-ast-global-color-8-color has-ast-global-color-4-background-color has-text-color has-background has-link-color wp-elements-1beb8b0fc935ad24ba291f82d8612317\" style=\"margin-top:0;margin-right:0;margin-bottom:0;margin-left:0;padding-top:0;padding-right:0;padding-bottom:0;padding-left:0\"><em>Caissier<\/em><\/p>\n<\/div>\n\n\n\n<div class=\"wp-block-uagb-container uagb-block-0e635311\">\n<div class=\"wp-block-uagb-image uagb-block-8f31f82e wp-block-uagb-image--layout-default wp-block-uagb-image--effect-static wp-block-uagb-image--align-none\"><figure class=\"wp-block-uagb-image__figure\"><img decoding=\"async\" srcset=\"https:\/\/animation-denens.ch\/wp-content\/uploads\/2024\/04\/Bernard1-1-edited.jpg ,https:\/\/animation-denens.ch\/wp-content\/uploads\/2024\/04\/Bernard1-1.jpg 780w, https:\/\/animation-denens.ch\/wp-content\/uploads\/2024\/04\/Bernard1-1.jpg 360w\" sizes=\"(max-width: 480px) 150px\" src=\"https:\/\/animation-denens.ch\/wp-content\/uploads\/2024\/04\/Bernard1-1-edited.jpg\" alt=\"\" class=\"uag-image-292\" width=\"225\" height=\"300\" title=\"Bernard1-1\" loading=\"lazy\" role=\"img\"\/><\/figure><\/div>\n\n\n\n<p class=\"has-ast-global-color-8-color has-ast-global-color-4-background-color has-text-color has-background has-link-color wp-elements-eadc4c0dda39f5b58f96ce043646d764\" style=\"margin-top:0;margin-right:0;margin-bottom:0;margin-left:0;padding-top:0;padding-right:0;padding-bottom:0;padding-left:0\">Bernard Perey<\/p>\n\n\n\n<p class=\"has-ast-global-color-8-color has-ast-global-color-4-background-color has-text-color has-background has-link-color wp-elements-70e3b14731bb11a9dd3b6cd869c2ba67\" style=\"margin-top:0;margin-right:0;margin-bottom:0;margin-left:0;padding-top:0;padding-right:0;padding-bottom:0;padding-left:0\"><em>Municipal<\/em><\/p>\n<\/div>\n\n\n\n<div class=\"wp-block-uagb-container uagb-block-fa9be2dd\">\n<div class=\"wp-block-uagb-image uagb-block-2ce31dcb wp-block-uagb-image--layout-default wp-block-uagb-image--effect-static wp-block-uagb-image--align-none\"><figure class=\"wp-block-uagb-image__figure\"><img decoding=\"async\" srcset=\"https:\/\/animation-denens.ch\/wp-content\/uploads\/2024\/04\/Dominique-edited-225x300.jpg ,https:\/\/animation-denens.ch\/wp-content\/uploads\/2024\/04\/Dominique.jpg 780w, https:\/\/animation-denens.ch\/wp-content\/uploads\/2024\/04\/Dominique.jpg 360w\" sizes=\"(max-width: 480px) 150px\" src=\"https:\/\/animation-denens.ch\/wp-content\/uploads\/2024\/04\/Dominique-edited-225x300.jpg\" alt=\"\" class=\"uag-image-218\" width=\"225\" height=\"300\" title=\"Dominique\" loading=\"lazy\" role=\"img\"\/><\/figure><\/div>\n\n\n\n<p class=\"has-ast-global-color-8-color has-ast-global-color-4-background-color has-text-color has-background has-link-color wp-elements-4319e94c8dcc7ff1f7224c9f6ab42995\" style=\"margin-top:0;margin-right:0;margin-bottom:0;margin-left:0;padding-top:0;padding-right:0;padding-bottom:0;padding-left:0\">Dominique McDonald<\/p>\n\n\n\n<p class=\"has-ast-global-color-8-color has-ast-global-color-4-background-color has-text-color has-background has-link-color wp-elements-ad2e21ad6a1436c90f16008677e065ba\" style=\"margin-top:0;margin-right:0;margin-bottom:0;margin-left:0;padding-top:0;padding-right:0;padding-bottom:0;padding-left:0\"><em>Membre<\/em><\/p>\n<\/div>\n\n\n\n<div class=\"wp-block-uagb-container uagb-block-7348ff50\">\n<div class=\"wp-block-uagb-image uagb-block-3caea24d wp-block-uagb-image--layout-default wp-block-uagb-image--effect-static wp-block-uagb-image--align-none\"><figure class=\"wp-block-uagb-image__figure\"><img decoding=\"async\" srcset=\"https:\/\/animation-denens.ch\/wp-content\/uploads\/2024\/04\/Joelle1-edited-2.jpg ,https:\/\/animation-denens.ch\/wp-content\/uploads\/2024\/04\/Joelle1.jpg 780w, https:\/\/animation-denens.ch\/wp-content\/uploads\/2024\/04\/Joelle1.jpg 360w\" sizes=\"(max-width: 480px) 150px\" src=\"https:\/\/animation-denens.ch\/wp-content\/uploads\/2024\/04\/Joelle1-edited-2.jpg\" alt=\"\" class=\"uag-image-220\" width=\"248\" height=\"300\" title=\"Joelle1\" loading=\"lazy\" role=\"img\"\/><\/figure><\/div>\n\n\n\n<p class=\"has-ast-global-color-8-color has-ast-global-color-4-background-color has-text-color has-background has-link-color wp-elements-6898fc8255477548738145bec6114b58\" style=\"margin-top:0;margin-right:0;margin-bottom:0;margin-left:0;padding-top:0;padding-right:0;padding-bottom:0;padding-left:0\">Jo\u00eblle Buchs<\/p>\n\n\n\n<p class=\"has-ast-global-color-8-color has-ast-global-color-4-background-color has-text-color has-background has-link-color wp-elements-ad2e21ad6a1436c90f16008677e065ba\" style=\"margin-top:0;margin-right:0;margin-bottom:0;margin-left:0;padding-top:0;padding-right:0;padding-bottom:0;padding-left:0\"><em>Membre<\/em><\/p>\n<\/div>\n<\/div>\n","protected":false},"excerpt":{"rendered":"<p>Le comit\u00e9 pour cette ann\u00e9e : Philippe Villevet Pr\u00e9sident Michel Hofer Caissier Bernard Perey Municipal Dominique McDonald Membre Jo\u00eblle Buchs [&hellip;]<\/p>\n","protected":false},"author":1,"featured_media":0,"parent":0,"menu_order":0,"comment_status":"closed","ping_status":"closed","template":"","meta":{"_uag_custom_page_level_css":"","_monsterinsights_skip_tracking":false,"_monsterinsights_sitenote_active":false,"_monsterinsights_sitenote_note":"","_monsterinsights_sitenote_category":0,"site-sidebar-layout":"default","site-content-layout":"","ast-site-content-layout":"","site-content-style":"default","site-sidebar-style":"default","ast-global-header-display":"","ast-banner-title-visibility":"","ast-main-header-display":"","ast-hfb-above-header-display":"","ast-hfb-below-header-display":"","ast-hfb-mobile-header-display":"","site-post-title":"disabled","ast-breadcrumbs-content":"","ast-featured-img":"","footer-sml-layout":"","theme-transparent-header-meta":"","adv-header-id-meta":"","stick-header-meta":"","header-above-stick-meta":"","header-main-stick-meta":"","header-below-stick-meta":"","astra-migrate-meta-layouts":"default","ast-page-background-enabled":"default","ast-page-background-meta":{"desktop":{"background-color":"var(--ast-global-color-4)","background-image":"","background-repeat":"repeat","background-position":"center center","background-size":"auto","background-attachment":"scroll","background-type":"","background-media":"","overlay-type":"","overlay-color":"","overlay-gradient":""},"tablet":{"background-color":"","background-image":"","background-repeat":"repeat","background-position":"center center","background-size":"auto","background-attachment":"scroll","background-type":"","background-media":"","overlay-type":"","overlay-color":"","overlay-gradient":""},"mobile":{"background-color":"","background-image":"","background-repeat":"repeat","background-position":"center center","background-size":"auto","background-attachment":"scroll","background-type":"","background-media":"","overlay-type":"","overlay-color":"","overlay-gradient":""}},"ast-content-background-meta":{"desktop":{"background-color":"var(--ast-global-color-5)","background-image":"","background-repeat":"repeat","background-position":"center center","background-size":"auto","background-attachment":"scroll","background-type":"","background-media":"","overlay-type":"","overlay-color":"","overlay-gradient":""},"tablet":{"background-color":"var(--ast-global-color-5)","background-image":"","background-repeat":"repeat","background-position":"center center","background-size":"auto","background-attachment":"scroll","background-type":"","background-media":"","overlay-type":"","overlay-color":"","overlay-gradient":""},"mobile":{"background-color":"var(--ast-global-color-5)","background-image":"","background-repeat":"repeat","background-position":"center center","background-size":"auto","background-attachment":"scroll","background-type":"","background-media":"","overlay-type":"","overlay-color":"","overlay-gradient":""}},"footnotes":""},"aioseo_notices":[],"uagb_featured_image_src":{"full":false,"thumbnail":false,"medium":false,"medium_large":false,"large":false,"1536x1536":false,"2048x2048":false},"uagb_author_info":{"display_name":"animation-denens.ch","author_link":"https:\/\/animation-denens.ch\/?author=1"},"uagb_comment_info":0,"uagb_excerpt":"Le comit\u00e9 pour cette ann\u00e9e : Philippe Villevet Pr\u00e9sident Michel Hofer Caissier Bernard Perey Municipal Dominique McDonald Membre Jo\u00eblle Buchs [&hellip;]","_links":{"self":[{"href":"https:\/\/animation-denens.ch\/index.php?rest_route=\/wp\/v2\/pages\/50"}],"collection":[{"href":"https:\/\/animation-denens.ch\/index.php?rest_route=\/wp\/v2\/pages"}],"about":[{"href":"https:\/\/animation-denens.ch\/index.php?rest_route=\/wp\/v2\/types\/page"}],"author":[{"embeddable":true,"href":"https:\/\/animation-denens.ch\/index.php?rest_route=\/wp\/v2\/users\/1"}],"replies":[{"embeddable":true,"href":"https:\/\/animation-denens.ch\/index.php?rest_route=%2Fwp%2Fv2%2Fcomments&post=50"}],"version-history":[{"count":25,"href":"https:\/\/animation-denens.ch\/index.php?rest_route=\/wp\/v2\/pages\/50\/revisions"}],"predecessor-version":[{"id":308,"href":"https:\/\/animation-denens.ch\/index.php?rest_route=\/wp\/v2\/pages\/50\/revisions\/308"}],"wp:attachment":[{"href":"https:\/\/animation-denens.ch\/index.php?rest_route=%2Fwp%2Fv2%2Fmedia&parent=50"}],"curies":[{"name":"wp","href":"https:\/\/api.w.org\/{rel}","templated":true}]}}